 5*s**3/6 - s**2. What are the prime factors of z(-3)?
31
Let n(f) = f**3 + 5*f**2 + 5*f + 2. Let l be n(-3). Suppose v - l = 2. What are the prime factors of v?
7
Let s = 27 - -109. What are the prime factors of s?
2, 17
Suppose 4*a - 39 = -3*t + 18, a - 8 = -2*t. Let z = 64 - 12. What are the prime factors of 4/a - z/(-9)?
2, 3
Suppose 5*a - 48 = a. Suppose 4*i - 11 - 17 = 0. Let c = a - i. List the prime factors of c.
5
List the prime factors of 6075/30 - (-3)/(-2).
3, 67
Suppose 3*r + 40 = 7*r. What are the prime factors of r?
2, 5
Let p = 44 - -38. List the prime factors of p.
2, 41
List the prime factors of ((-10)/(-3))/((-8)/(-12)).
5
Let z = -334 - -610. What are the prime factors of z?
2, 3, 23
Let p = 13 - 10. Suppose 0 = -p*g + 8 + 22. List the prime factors of g.
2, 5
Suppose -2*p = -a + 6, -4*a + 5*p = -a - 19. Let h(z) = -z**2. Let q be h(-2). What are the prime factors of a/q - (-6 - 0)?
2
Let a be (-2 + 51/(-6))*-2. Suppose g + 79 = 2*z + 12, -z = 2*g - a. What are the prime factors of z?
31
Let q = 33 - 12. What are the prime factors of q?
3, 7
Let m be -7*1*(3 + -4). Let k = -4 + m. Let t(x) = x**3 - 3*x**2 + 2*x + 1. List the prime factors of t(k).
7
Suppose 2*m - 11 = -4*p + 19, 0 = 3*p - 3*m. List the prime factors of p.
5
Suppose 6*k = 864 - 282. What are the prime factors of k?
97
Suppose 5*d = 4*r + 25, -4*d = -4*r + 1 - 17. Let z = d + -5. Suppose 3*l - p = 34, -p - 56 = -z*l + 3*p. What are the prime factors of l?
2, 5
Suppose -3*i + 2*i = -4*t + 238, 5*i = 10. List the prime factors of t.
2, 3, 5
Let b = -69 + 118. Suppose 3*j + 3*i - b = 8*i, -4*i + 18 = 2*j. What are the prime factors of j?
13
Suppose s = -3 - 0, p = -3*s - 15. Let z = 50 + p. Let d = z - 27. List the prime factors of d.
17
Suppose 7*w - 3*w - 12 = 0. Suppose -w*z - 10 = -k, 2*z - 5 = -4*k + 49. What are the prime factors of k?
13
Suppose 0 = 4*u - 18 - 30. Let f = -6 + 4. Let h = f + u. What are the prime factors of h?
2, 5
Let i(n) = n - 3. Let a be i(7). Suppose 3*u + 0*f + 50 = 5*f, 48 = -3*u + 3*f. List the prime factors of 3*a*(-5)/u.
2
What are the prime factors of -1*(-6)/(24/20)?
5
Let i = 8 + -4. Let g be (-26)/(-8)*(0 + i). Suppose 2 + g = 5*c. What are the prime factors of c?
3
Suppose 4*n = 3*n + 3. Suppose 2*k - 2*z - 2 = 8, 5 = k - n*z. Suppose -18 = -k*q - 3. What are the prime factors of q?
3
Let p be 1*-2 + 1 + 1. Suppose -4*w + 3*d - 2*d + 10 = 0, p = 4*w + 3*d - 18. Suppose -35 = -w*n - 2. What are the prime factors of n?
11
Suppose 2*g = -0*g + 112. List the prime factors of g.
2, 7
Let h(p) = 18*p - 4. List the prime factors of h(3).
2, 5
Let w(x) = x**3 - 3*x**2 + 3*x + 3. Let n = -10 - -14. Let j be (1/2)/(n/24). What are the prime factors of w(j)?
2, 3
Let h = 28 + -10. What are the prime factors of h?
2, 3
Suppose -4*h - 3*u + 768 = 0, -3*h = -2*u - 588 + 12. List the prime factors of h.
2, 3
Let i = 0 - -3. Let y be 8/12 + (-5)/i. What are the prime factors of ((-2)/4)/(y/8)?
2
Let k = 254 + -90. List the prime factors of k/12 - (-2)/6.
2, 7
Suppose 5*m = -2*s + 13, 7*m + 5 = 2*s + 4*m. Suppose 2*i + s*f = 28, -2*i + 3*f - 6 = -i. List the prime factors of i.
2, 3
Let m = -4 + 45. What are the prime factors of m?
41
What are the prime factors of 64 + 15/3 + -1?
2, 17
Let i = -6 + 8. Suppose -1 = -i*g - 3. List the prime factors of 14 + -1 - (g - -2).
2, 3
Let r(g) = -g**2 - 3*g + 3. Let s be r(-3). Let p = 12 - s. What are the prime factors of p?
3
Suppose 2*q - 1 = 43. What are the prime factors of q?
2, 11
Let w = -1 + 3. Suppose -w*b - 4 = -4*b. Suppose 15 = b*p + p. List the prime factors of p.
5
Suppose 3*d - 5*z = 9 + 78, 5*d + 4*z = 145. Let q = 13 - d. Let m = q - -22. List the prime factors of m.
2, 3
Suppose 0 = -4*d + 2*l + 86, 2*l = d - 3*l - 26. What are the prime factors of d/(-14)*(-128)/6?
2
Suppose 3*h - 12 = -h. Suppose -h*o + 20 + 22 = 0. List the prime factors of o.
2, 7
List the prime factors of ((-3)/1 - -3) + 37.
37
Let c = -4 + 6. Let s be (c - 0) + 2 + 1. Suppose -s = -2*h + 13. List the prime factors of h.
3
Let r(n) = -n**2 - 6*n - 1. Let a be r(-6). List the prime factors of (-3)/((-12)/(-21) + a).
7
Suppose 2 - 12 = 4*w - 2*v, -10 = 3*w - 2*v. Suppose w = -7*p + 2*p + 5. Suppose 3*h + p = 3*a + 4, -10 = -4*h + a. List the prime factors of h.
3
Let y = -1 - -6. Suppose -25 = -y*b - 0. Let c = b - -5. List the prime factors of c.
2, 5
Let f(s) = -369*s**3 - 2*s**2 + 3*s + 4. List the prime factors of f(-1).
2, 23
Suppose 0 = -3*o + 2*o + 1. Let b be (2 + -2)/(-2*o). Suppose -4 = -b*u - u + 4*m, -4*u + 16 = 4*m. What are the prime factors of u?
2
Let k = -61 + 207. List the prime factors of k.
2, 73
Suppose -4*v = 4*r + 8, 4*r + 5*v + 2 + 10 = 0. Suppose -3*h = r*h - 50. What are the prime factors of h?
2, 5
Let c = -30 - -47. List the prime factors of c.
17
Let d(r) = 6*r - 31. List the prime factors of d(14).
53
Suppose -2*b - 6 + 24 = 0. What are the prime factors of b?
3
List the prime factors of 34 + (-6 - 2/(-1)).
2, 3, 5
Suppose 4*n + 13 + 3 = 0. Let f = -1 - n. What are the prime factors of f*(-6)/9 - -19?
17
Let r = 52 + -114. Let k = -36 - r. List the prime factors of k.
2, 13
Let t(m) = -m**2 - m + 2. Let a be t(0). Let g = 0 + a. What are the prime factors of g?
2
Let c = 2 + -6. Let u = 3 - c. Suppose u*l - 12 = 3*l. What are the prime factors of l?
3
Let t be ((-5)/2)/(2/4). Suppose -6*l - 2 = -5*l. Let o = l - t. What are the prime factors of o?
3
Let x(r) = -r. Let a(g) = g**2 - 7*g + 3. Let z(u) = -a(u) + x(u). List the prime factors of z(4).
5
Let z = 4 - 1. Suppose 5*v + 0*v = 3*c + 29, -z = c. Suppose -5*q - 23 = -v*t, -3*t + 4*q = -2*t + 8. What are the prime factors of t?
2, 3
Let w = -4 + 3. Let a(t) = -16*t**3 + t**2. List the prime factors of a(w).
17
Let y(s) be the second derivative of -s**3/6 + 5*s**2 + 2*s. Let d = 3 - 3. What are the prime factors of y(d)?
2, 5
Suppose 3*i = 8 - 5. Let x(l) be the second derivative of 13*l**5/20 + l**2/2 + l. What are the prime factors of x(i)?
2, 7
Suppose u + u = 0. Suppose u*g - 10 = -5*g. Let h(n) = 2*n**3 - n**2 - 4*n + 3. What are the prime factors of h(g)?
7
Let j be -1 + -1 - 47/(-1). Suppose 3*b = -0*b + j. What are the prime factors of b?
3, 5
Let g = -6 - -11. Suppose -f = g*v, -2*f + 5*v = 2*v - 65. List the prime factors of f.
5
Suppose 3 = -4*o + 11. What are the prime factors of o?
2
Let y = -21 - -64. What are the prime factors of y?
43
Let h be 1*(2 + (-3 - -2)). Suppose 3*o = 14 + h. What are the prime factors of o?
5
Suppose 81 + 25 = 2*x. List the prime factors of x.
53
Let n be 3*(-5 + 2 + -1). Let y(q) = -q**2 - 13*q + 12. List the prime factors of y(n).
2, 3
Let z = -6 - -31. List the prime factors of z.
5
Suppose -o - 2 = -0. Let v be o + 3*2 + -2. List the prime factors of ((-14)/(-1))/(v + 0).
7
List the prime factors of 496/14 + 18/(-42).
5, 7
Let a(i) = 4*i**2 + 8*i + 16. List the prime factors of a(-9).
2, 67
Let o = -100 - -173. List the prime factors of o.
73
Let b(y) be the third derivative of -y**6/120 + y**5/12 - y**4/6 + y**3/6 + y**2. Let v be b(4). List the prime factors of 1 + -1*(v + -12).
2, 3
Suppose 0 = 5*g - 0*g - 75. Suppose -4*a + 5*a - g = 0. List the prime factors of a.
3, 5
Let r be 48/18 + 1/3. Suppose 0 = 2*j - 2*m - r*m + 8, m - 34 = -5*j. What are the prime factors of j?
2, 3
Let h(s) be the second derivative of -s**4/12 + 19*s**3/6 - 5*s**2/2 + 5*s. What are the prime factors of h(16)?
43
What are the prime factors of -334*((-14)/(-4) + 2 + -6)?
167
Let b = 115 + -23. What are the prime factors of b?
2, 23
Let j be (-1 - -2)/((-5)/(-15)). Suppose 4*q - 99 = -j*b, -5*b = 4*q - 80 - 13. Suppose 4*s - 7*s = -q. What are the prime factors of s?
3
Suppose 0 = -2*s + 30 + 2. Suppose -4*r + 24 = -80. Let k = r - s. What are the prime factors of k?
2, 5
Let d = -3 - -3. Suppose -w = -d*w - 10. List the prime factors of w.
2, 5
Let h(c) = 19*c - 11. List the prime factors of h(5).
2, 3, 7
Let t(p) = -p**3 + 4*p**2 + 4*p + 2. Let g be t(5). Let i = g + 31. List the prime factors of i.
2, 7
Suppose -159 - 91 = -5*w. List the prime factors of w.
2, 5
Suppose -2*a - 36 = -l, -2*l - a = -43 - 54. List the prime factors of l.
2, 23
Suppose 5*v - 2*c - c = -117, 4*c - 92 = 4*v. Let l be 4*3/v